8?
452323
-3128707 (base 9) to base 14
-31792c
-331633 (base 9) to base 4
-300112323
What is 701870 (base 12) in base 2?
110101001111110010100
Convert 5620605 (base 7) to base 4.
2221132230
101110310 (base 4) to base 6
1304312
-10011001111001110101 (base 2) to base 11
-3a0691
Convert 6dd4d (base 15) to base 5.
42204443
12535350 (base 6) to base 16
65dd2
What is -416305 (base 7) in base 15?
-16444
Convert 281103 (base 14) to base 12.
56a053
Convert -5b13f (base 16) to base 6.
-11555035
213012010 (base 4) to base 5
20111012
Convert 96c46 (base 15) to base 5.
110304031
Convert 161932 (base 10) to base 3.
22020010111
22545105 (base 6) to base 16
aa801
What is 1371262 (base 9) in base 7?
6264341
What is -3b33c (base 13) in base 9?
-177405
What is 30222100102 (base 4) in base 9?
6217477
Convert 2552014 (base 6) to base 10.
139114
-8657366 (base 10) to base 11
-4983453
Convert 3021220 (base 6) to base 15.
2c4e0
What is 1221055 (base 7) in base 15?
3154d
Convert -224f8 (base 16) to base 10.
-140536
What is 1729425 (base 12) in base 10?
4785437
What is -324032204 (base 5) in base 14?
-283820
30300130311 (base 4) to base 7
40265541
Convert -589962 (base 11) to base 2.
-11100100011001011111
What is 4a03d9 (base 16) in base 14?
903a2d
Convert -3401423 (base 5) to base 15.
-129e3
What is 326341 (base 9) in base 6?
4102231
3232463 (base 9) to base 8
6472467
58a38 (base 16) to base 11
228859
Convert -6c2aa (base 13) to base 10.
-198208
What is -147425 (base 9) in base 2?
-10110001001110111
43e8 (base 16) to base 7
101453
What is -58843 (base 9) in base 11?
-275aa
Convert 5e211 (base 15) to base 7.
2362042
Convert 331403340 (base 5) to base 14.
294c8d
Convert 21202210021101 (base 3) to base 7.
50045434
What is 1021002100002 (base 3) in base 8?
2436315
-10913 (base 14) to base 3
-2001010210
-3521443 (base 7) to base 10
-442354
What is 111544142 (base 7) in base 13?
1541813
What is -1bbe7a (base 15) in base 5?
-321403030
-26115 (base 8) to base 10
-11341
Convert 20222110021 (base 3) to base 16.
218a7
100333122 (base 4) to base 15
15949
Convert -3b86a6 (base 12) to base 11.
-6163a0
-b08a2 (base 12) to base 13
-8052b
Convert 374858 (base 9) to base 13.
7c24a
Convert -13210523 (base 6) to base 10.
-436947
Convert 559440 (base 10) to base 3.
1001102102000
What is -1100211202202 (base 3) in base 7?
-6110150
Convert -13441441 (base 5) to base 4.
-202033112
Convert -20224143 (base 5) to base 6.
-3304350
1055206 (base 7) to base 4
200012101
795d9 (base 14) to base 13
a4234
What is -218781 (base 13) in base 12?
-321223
Convert 118106 (base 9) to base 15.
162d9
Convert a7751 (base 12) to base 4.
311311231
What is -64a7b (base 16) in base 9?
-687482
What is -39b24 (base 15) in base 16?
-2d1b7
What is -25ab6 (base 13) in base 15?
-15ad1
10203132221 (base 4) to base 9
2218642
-2031011110 (base 4) to base 7
-4624525
Convert 1134074 (base 8) to base 13.
aaa2c
Convert -150a89 (base 13) to base 6.
-15020233
What is -110340332 (base 5) in base 2?
-1110101010111001101
What is 85109 (base 11) in base 9?
207871
What is -1100100110100001101 (base 2) in base 12?
-17ab79
Convert -1022200100111 (base 3) to base 4.
-2223131023
b9d3d (base 16) to base 11
47a954
451ca2 (base 16) to base 9
8463041
What is 273601 (base 11) in base 5?
102214214
-143089 (base 10) to base 12
-6a981
What is -39acd4 (base 14) in base 6?
-110345122
What is 1326131 (base 7) in base 4?
222232121
Convert 3137416 (base 8) to base 14.
17a5d4
309253 (base 13) to base 4
10110313222
Convert 20020100110112 (base 3) to base 14.
62384b
Convert 2640205 (base 9) to base 14.
298135
-2220102433 (base 5) to base 8
-22373213
-22281 (base 13) to base 10
-61959
Convert 4bd15 (base 16) to base 14.
81261
Convert -179e1 (base 15) to base 11.
-52513
Convert 1523100 (base 6) to base 2.
10101101011101100
Convert -188112 (base 9) to base 6.
-2303445
Convert 10101000100011010110 (base 2) to base 14.
13d858
887608 (base 13) to base 6
152525201
1020120100100 (base 3) to base 13
1a1981
What is 1251050 (base 7) in base 3?
22022110222
Convert 100011010010101100011 (base 2) to base 12.
4792ab
Convert 212131402 (base 5) to base 8.
3325554
c1e82a (base 15) to base 8
43110467
What is -33352 (base 7) in base 14?
-30d2
-636553 (base 7) to base 9
-177371
What is -112202021 (base 3) in base 4?
-2220001
-1120030100 (base 4) to base 5
-43024412
Convert 12533 (base 6) to base 15.
889
Convert -121102220121112 (base 3) to base 5.
-4214100021
What is 10111001100111101101 (base 2) in base 13?
2080a9
110b4bb (base 12) to base 8
14324417
What is bbcd07 (base 14) in base 16?
6142eb
Convert 252142504 (base 6) to base 5.
2221201200
183420 (base 15) to base 9
2181343
111101101110101 (base 2) to base 15
9570
What is 3314253 (base 7) in base 15?
80a1c
Convert 8368d (base 14) to base 4.
1031112331
Convert -101110110010110010 (base 2) to base 6.
-4035202
What is 1a238 (base 11) in base 7?
145213
-10100010010101111100 (base 2) to base 5
-132234311
Convert -312712 (base 9) to base 3.
-100102210102
What is -b69bb (base 14) in base 4?
-1223222021
Convert -610032 (base 14) to base 13.
-8a43bc
What is 432564 (base 10) in base 9?
728326
9cb703 (base 15) to base 12
2609056
10ee2 (base 16) to base 15
15831
What is 41040433 (base 5) in base 14?
88767
Convert -1014130 (base 5) to base 4.
-10012112
-121420103 (base 5) to base 6
-20203542
-12101212112111 (base 3) to base 6
-141312321
2d3da7 (base 14) to base 13
436b69
What is 141245633 (base 7) in base 8?
43133361
What is -124425 (base 10) in base 6?
-2400013
Convert 1130055330 (base 6) to base 12.
427a546
What is -1381841 (base 11) in base 5?
-1101433221
What is -11111021002 (base 3) in base 14?
-24304
1144c3 (base 13) to base 16
63f85
What is 2a05a (base 16) in base 6?
3404510
Convert 766996 (base 10) to base 16.
bb414
Convert 21a88c (base 13) to base 8.
3017731
Convert aa42b (base 12) to base 10.
225251
1011100011001010 (base 2) to base 5
3003211
220200220000 (base 3) to base 10
486162
245622 (base 9) to base 6
3103245
-203223011 (base 4) to base 13
-5167a
What is 309f72 (base 16) in base 10?
3186546
4b84 (base 13) to base 7
43233
Convert 10011010111000011 (base 2) to base 6.
1411043
Convert 138813 (base 11) to base 14.
58d1a
What is -a796 (base 11) in base 10?
-14262
119840 (base 13) to base 5
101433111
Convert 11010010101110011101 (base 2) to base 16.
d2b9d
Convert -256327 (base 13) to base 10.
-899113
-7c7d4 (base 15) to base 9
-664081
What is -87c6 (base 15) in base 14?
-a6a5
What is 4556ab (base 12) in base 15?
16d748
Convert -10101110001010001 (base 2) to base 9.
-145276
Convert -219ba7 (base 12) to base 8.
-2026157
What is -152b9 (base 13) in base 2?
-1001110001100100
What is -1001111001111100110001 (base 2) in base 13?
-6cbbab
Convert 110010111111011011001 (base 2) to base 16.
197ed9
Convert -5034332 (base 6) to base 2.
-111010001001010000
What is 72523 (base 11) in base 12?
5126b
-4909c (base 13) to base 12
-6576a
What is -1201120312 (base 4) in base 11?
-252779
Convert 30244405 (base 6) to base 16.
d2575
11221221012 (base 3) to base 8
276545
What is 3210203 (base 5) in base 9?
81721
Convert -1788c (base 14) to base 9.
-100326
What is -21313303203 (base 4) in base 14?
-4b5163
Convert -606123 (base 7) to base 2.
-11001001000110110
What is 1202232 (base 7) in base 16?
25206
Convert -1200001131 (base 4) to base 5.
-100041214
What is 24301230 (base 6) in base 11?
486679
Convert -636c6 (base 14) to base 10.
-240078
Convert -196094 (base 13) to base 4.
-2130221231
What is -43092 (base 13) in base 14?
-32118
-1600771 (base 11) to base 5
-1200120132
Convert 8dd1b3 (base 16) to base 12.
3142757
340401a (base 12) to base 13
20a9724
Convert -1b4ba95 (base 12) to base 4.
-112032201101
What is 23473a (base 11) in base 14?
99927
What is 3b63f (base 16) in base 4?
323120333
Convert 771677 (base 8) to base 14.
6a567
Convert 2404031 (base 6) to base 14.
3393d
Convert -11343423 (base 5) to base 15.
-21693
-310003231 (base 4) to base 2
-110100000011101101
Convert -34403013 (base 5) to base 16.
-4b9fe
130443111 (base 6) to base 9
4725647
-62509 (base 14) to base 4
-321312231
Convert 6285 (base 12) to base 8.
25005
Convert 10656062 (base 7) to base 16.
e51fc
1002010021012 (base 3) to base 10
573188
-9c6d5 (base 15) to base 2
-111100110